+ 236?
-4914
In base 14, what is 448 - -1d6c?
23b6
In base 6, what is -214445551 - 1?
-214445552
In base 7, what is 64246242 - -2?
64246244
In base 8, what is -70 - 21161460?
-21161550
In base 4, what is -323121213222 - -10?
-323121213212
In base 12, what is -2313 + -334?
-2647
In base 3, what is 1121012112102 - -120?
1121012112222
In base 2, what is -100001100100100101 - 11001?
-100001100100111110
In base 8, what is 3 + 62245503?
62245506
In base 3, what is -200001102 - -212000?
-122012102
In base 3, what is 2110102201200 + -1021?
2110102200102
In base 16, what is 3 - -214f6d9?
214f6dc
In base 4, what is 220 - -13123003?
13123223
In base 7, what is 3655342 + 36?
3655411
In base 15, what is -224d6baa + 5?
-224d6ba5
In base 6, what is 55 - 150431231?
-150431132
In base 6, what is -510002 - 125?
-510131
In base 11, what is -263 + -1aa53?
-20206
In base 14, what is -2a0 - -7783?
74c3
In base 11, what is -3 - -96699150?
96699148
In base 5, what is -2 + 240403040?
240403033
In base 5, what is 3 - -344123203?
344123211
In base 6, what is -30430500115 + -2?
-30430500121
In base 15, what is 14447e - -6b?
1444ea
In base 14, what is -203b4d7 + 2?
-203b4d5
In base 12, what is -83 - -127b76?
127ab3
In base 15, what is -206 + 870e?
8508
In base 4, what is 20 - -12203103232?
12203103312
In base 5, what is 3032 + 1403140?
1411222
In base 14, what is -38722 + -21?
-38743
In base 6, what is 10 + -1533432?
-1533422
In base 9, what is 72476753 - 22?
72476731
In base 9, what is 107 - -553485?
553603
In base 14, what is 7 + 170a9c?
170aa5
In base 2, what is -1011011010001101 + -1011111001111?
-1100111001011100
In base 8, what is -5 - 26256550?
-26256555
In base 9, what is 3 + -56886212?
-56886208
In base 13, what is 6b2b20b - -5?
6b2b213
In base 11, what is -aaa67237 + -4?
-aaa67240
In base 15, what is 30b25 + 2e?
30b54
In base 8, what is -7117041 - 637?
-7117700
In base 3, what is -1111012100112200 - 1?
-1111012100112201
In base 7, what is 23130132 - 23?
23130106
In base 3, what is -2210 - -210002200011111?
210002200001201
In base 5, what is -20440201 + -41?
-20440242
In base 8, what is 3463 - -16175?
21660
In base 10, what is -56 + 360360?
360304
In base 13, what is 2c8 + -1b1361?
-1b1066
In base 11, what is -987a5 + 2a99?
-95807
In base 9, what is 5480560 + -8?
5480551
In base 14, what is -a116 - 447?
-a55d
In base 4, what is 220310 + 1000121032?
1001002002
In base 10, what is -24 + -2647122?
-2647146
In base 13, what is 14c3ab + 1?
14c3ac
In base 11, what is -2226458 + -2?
-222645a
In base 3, what is -121010222111211 - 0?
-121010222111211
In base 9, what is 13 - -3060726?
3060740
In base 13, what is 3 + -33c87a?
-33c877
In base 7, what is -11646 + -1126?
-13105
In base 9, what is -284754 - -17?
-284736
In base 13, what is 12565 + 10778?
23010
In base 12, what is 2174 - 5b349?
-59195
In base 6, what is 3551555 + 513?
3552512
In base 2, what is 1 - 10110111011101000100110?
-10110111011101000100101
In base 15, what is -66bc95 - d?
-66bca3
In base 13, what is -153a56 - -1a?
-153a39
In base 9, what is 34 + -61631444?
-61631410
In base 3, what is -11 + -2101011212200110?
-2101011212200121
In base 11, what is -5 - -158019?
158014
In base 14, what is 6c215d - -d?
6c216c
In base 16, what is 2 - 1304a5a?
-1304a58
In base 10, what is -5 - 44592089?
-44592094
In base 4, what is -21 + -1103211223?
-1103211310
In base 2, what is -11001011110001110111 + 1111?
-11001011110001101000
In base 2, what is 10001000101100 - -10101110000?
10011110011100
In base 11, what is 4 - 3672a8?
-3672a4
In base 13, what is -c73b + -8bb?
-10329
In base 12, what is 35b01 - -32a6?
391a7
In base 7, what is -2264 + -250226?
-252523
In base 4, what is 232111121 + -1121?
232110000
In base 15, what is -e + 19ee3ed?
19ee3de
In base 7, what is -113054 + -24224?
-140311
In base 14, what is -7db + -9a30?
-a42b
In base 14, what is 1c89 + -20292?
-1c407
In base 5, what is -221400414 + -10?
-221400424
In base 14, what is -1ad4d3bd - -4?
-1ad4d3b9
In base 5, what is 134410024 + 220?
134410244
In base 12, what is -19860565 - 0?
-19860565
In base 13, what is -4 + -2ca3b015?
-2ca3b019
In base 13, what is -2 + -139125?
-139127
In base 8, what is -3 - -235646677?
235646674
In base 11, what is 3374852 - 3?
337484a
In base 11, what is -3907 - 102a2?
-140a9
In base 13, what is -5 + 30c4325?
30c4320
In base 7, what is -115 - 216602?
-220020
In base 16, what is 1f - -1ace86f?
1ace88e
In base 8, what is -3366276421 + -4?
-3366276425
In base 2, what is -10 - 100000111100001101011110?
-100000111100001101100000
In base 13, what is 147 + -30b05?
-3098b
In base 11, what is 492 - -4139?
4620
In base 16, what is -785 + -1abdd?
-1b362
In base 13, what is 2 + 10b4488?
10b448a
In base 15, what is -4 - -225a618?
225a614
In base 6, what is 1350031234 + -1?
1350031233
In base 13, what is -18b - a0040?
-a01cb
In base 3, what is 100001 - 20112111020?
-20112011012
In base 14, what is -371 - -1044?
ab3
In base 15, what is 72 - -3501a?
3508c
In base 4, what is 1203222331321 + 21?
1203222332002
In base 6, what is -10024000015 - -4?
-10024000011
In base 6, what is -5 + 10043125?
10043120
In base 13, what is -1707 - 1a055?
-1b75c
In base 7, what is 2 - -5511351536?
5511351541
In base 10, what is 2213827 - 10?
2213817
In base 10, what is -3159721 + -19?
-3159740
In base 9, what is -2650613 + 5?
-2650607
In base 12, what is -32704409 - 3?
-32704410
In base 12, what is 64025a + -a?
640250
In base 9, what is -63 + -575037?
-575111
In base 15, what is -2ecac + -277?
-30034
In base 3, what is 1010112122110200 + -20?
1010112122110110
In base 10, what is -48 + 12143341?
12143293
In base 11, what is 410249 + -122?
410127
In base 15, what is -1963 + -e7c3?
-11236
In base 12, what is -356a4b5 + -18?
-356a511
In base 3, what is 100001 + 1200220220?
1201020221
In base 4, what is 12120000211 - -23?
12120000300
In base 8, what is -20710 + 5051?
-13637
In base 5, what is -232244143302 - -10?
-232244143242
In base 8, what is 4102246564 + 5?
4102246571
In base 13, what is -21b + 29808?
295ba
In base 5, what is -1004320 - 20133?
-1030003
In base 12, what is -1057780b3 + -5?
-1057780b8
In base 8, what is -302 - -121333?
121031
In base 6, what is -132550214 - -3?
-132550211
In base 14, what is 23c4384 + 4?
23c4388
In base 3, what is -22120200122 + 220?
-22120122202
In base 13, what is 2596 + -1b2a9?
-18a13
In base 5, what is 4030441442 - -1?
4030441443
In base 7, what is -36543661605 - -1?
-36543661604
In base 7, what is -14533510 - 3416?
-14540226
In base 6, what is -141403231 - -453?
-141402334
In base 14, what is 149a6 + 10c3?
15a89
In base 15, what is 3758ca + 49?
375924
In base 7, what is 131150 + 13546?
145026
In base 6, what is 53 + 14310223?
14310320
In base 11, what is 2 + 587a673?
587a675
In base 6, what is -20323540 - -2344?
-20321152
In base 13, what is -216bc + -332?
-21a21
In base 9, what is -7 - 500660?
-500667
In base 7, what is 2441425 - 50?
2441345
In base 15, what is 21e8 - -2856?
4a4e
In base 6, what is 5 - 2124335103?
-2124335054
In base 8, what is 54700266 - 15?
54700251
In base 13, what is -488 - 6a0b?
-7196
In base 13, what is 6764 - 38b?
63a6
In base 9, what is 554703 - 1243?
553450
In base 7, what is 61 + -21036024?
-21035633
In base 7, what is 13500 + 1140?
14640
In base 10, what is 52520738 + -3?
52520735
In base 11, what is -16 - -204a71?
204a56
In base 13, what is 2745b4 + -3b?
274576
In base 9, what is 16012807 + -1?
16012806
In base 13, what is -a - -46c161a?
46c1610
In base 11, what is 18593a - 95?
185855
In base 12, what is -3 + 64b845?
64b842
In base 9, what is 4735423 + -3?
4735420
In base 14, what is 1691c8 - 224?
168da4
In base 10, what is 85385 - 33?
85352
In base 10, what is -15852 - -2105?
-13747
In base 14, what is bb + 1b68c?
1b769
In base 5, what is -3122 - 11040233?
-11043410
In base 3, what is -1010111 + -1121112?
-2202000
In base 4, what is 11 + 32322131100?
32322131111
In base 5, what is -1214212 + 13341?
-1200321
In base 9, what is 57715 + -415?
57300
In base 16, what is -182717 + -e?
-182725
In base 5, what is -144 + -102412010?
-102412204
In base 4, what is -200230231003103 - -1?
-200230231003102
In base 7, what is -656 - -150500?
146511
In base 3, what is -202210121012122 - -11?
-202210121012111
In base 13